de 92304?
True
Does 26 divide 44742?
False
Does 5 divide 222147?
False
Is 127 a factor of 1223645?
True
Is 100674 a multiple of 306?
True
Is 72772 a multiple of 8?
False
Does 13 divide 34697?
True
Is 7 a factor of 5299819?
True
Is 847 a factor of 565796?
True
Does 10 divide 6808201?
False
Does 6 divide 79620?
True
Is 1424880 a multiple of 120?
True
Is 186 a factor of 7024662?
True
Does 196 divide 260288?
True
Is 234 a factor of 227682?
True
Does 18 divide 1454418?
True
Is 78325 a multiple of 20?
False
Does 11 divide 8469604?
True
Is 58223 a multiple of 22?
False
Does 24 divide 17764195?
False
Does 40 divide 71840?
True
Is 724052 a multiple of 133?
True
Does 104 divide 1213264?
True
Is 28 a factor of 1275227?
False
Is 663400 a multiple of 50?
True
Is 1130 a factor of 341260?
True
Is 468 a factor of 25611300?
True
Does 286 divide 1754092?
False
Is 16005168 a multiple of 16?
True
Is 26 a factor of 2408414?
False
Is 26 a factor of 65442?
True
Does 17 divide 22089115?
False
Is 10027 a multiple of 9?
False
Does 160 divide 17772?
False
Is 196842 a multiple of 25?
False
Is 1242847 even?
False
Does 113 divide 741452?
False
Is 66 a factor of 8338704?
True
Is 68169 a multiple of 103?
False
Is 17 a factor of 277372?
True
Is 1168523 a multiple of 32?
False
Is 86820 a multiple of 20?
True
Is 1140450 a multiple of 239?
False
Is 646872 a multiple of 82?
False
Does 23 divide 369024?
False
Is 1070154 a multiple of 9?
True
Is 855547 a multiple of 215?
False
Does 87 divide 1285077?
True
Does 13 divide 1179282?
True
Does 46 divide 670956?
True
Is 47382 a multiple of 318?
True
Does 17 divide 2712707?
True
Is 10 a factor of 403990?
True
Does 348 divide 1608284?
False
Is 113022 a multiple of 11?
False
Does 1424 divide 7087248?
True
Does 114 divide 54036?
True
Does 5 divide 6814789?
False
Is 1295 a multiple of 6?
False
Is 564832 a multiple of 120?
False
Does 216 divide 162341?
False
Is 79442 a multiple of 11?
True
Is 219554 a multiple of 17?
False
Is 66382 a multiple of 177?
False
Is 51 a factor of 40035?
True
Does 14 divide 591524?
False
Does 243 divide 72621?
False
Is 3993992 a multiple of 95?
False
Does 14 divide 15985074?
True
Is 21949 a multiple of 7?
False
Does 406 divide 430121?
False
Is 81 a factor of 3568253?
False
Is 274 a factor of 174812?
True
Is 15400 a multiple of 15?
False
Does 12 divide 1949157?
False
Is 41 a factor of 541077?
True
Is 2121851 a multiple of 457?
True
Does 14 divide 136578?
False
Does 8 divide 378334?
False
Is 17 a factor of 526303?
True
Does 21 divide 1228773?
True
Is 181816 a multiple of 426?
False
Is 4 a factor of 54764?
True
Does 5 divide 69511?
False
Does 4 divide 26821?
False
Is 77820 a multiple of 60?
True
Is 217 a factor of 7667695?
True
Is 11850960 a multiple of 15?
True
Is 5 a factor of 53?
False
Is 312 a factor of 160331?
False
Is 66 a factor of 588705?
False
Does 48 divide 53197?
False
Does 7 divide 1928403?
False
Is 264 a factor of 110010?
False
Is 26316 a multiple of 43?
True
Is 1106123 a multiple of 15?
False
Does 215 divide 32541?
False
Does 39 divide 39468?
True
Is 686 a factor of 158466?
True
Is 1891273 a multiple of 8?
False
Is 1845476 a multiple of 5?
False
Is 24 a factor of 3762034?
False
Is 167 a factor of 167?
True
Is 59119 a multiple of 17?
False
Is 17 a factor of 21998?
True
Does 172 divide 2189429?
False
Is 15 a factor of 31840?
False
Is 14 a factor of 74396?
True
Is 668268 a multiple of 36?
True
Does 47 divide 9588?
True
Is 27 a factor of 11133?
False
Does 6 divide 556712?
False
Is 123715 a multiple of 21?
False
Is 87 a factor of 253605?
True
Is 26175465 a multiple of 45?
True
Is 287990 a multiple of 11?
False
Does 6 divide 157824?
True
Is 62 a factor of 99386?
True
Is 74 a factor of 10469446?
True
Is 21 a factor of 11707424?
False
Does 172 divide 7506252?
True
Is 2892845 a multiple of 95?
True
Is 39035 a multiple of 218?
False
Is 223 a factor of 751733?
True
Does 190 divide 7094931?
False
Does 314 divide 4580946?
True
Is 18528972 a multiple of 12?
True
Is 382 a factor of 198651?
False
Is 1212948 a multiple of 9?
True
Is 5116618 a multiple of 166?
True
Does 12 divide 69360?
True
Is 2811087 a multiple of 9?
True
Does 4 divide 38312?
True
Is 53 a factor of 167164?
False
Is 324 a factor of 7098924?
False
Is 348 a factor of 80318?
False
Is 57912 a multiple of 57?
True
Is 8489344 a multiple of 8?
True
Is 3 a factor of 569829?
True
Is 876366 a multiple of 990?
False
Is 27674 a multiple of 14?
False
Is 321317 a multiple of 202?
False
Is 12 a factor of 72840?
True
Is 192512 a multiple of 130?
False
Is 208098 a multiple of 87?
False
Does 68 divide 664836?
True
Is 14 a factor of 8021535?
False
Is 67 a factor of 7012319?
False
Is 137 a factor of 724400?
False
Does 3 divide 60753?
True
Does 25 divide 10477?
False
Is 103 a factor of 134724?
True
Is 73792 a multiple of 5?
False
Is 1848168 a multiple of 555?
False
Is 2013627 a multiple of 212?
False
Does 55 divide 561825?
True
Does 48 divide 13153610?
False
Does 8 divide 206103?
False
Is 624720 a multiple of 120?
True
Does 13 divide 39299?
True
Does 16 divide 10822223?
False
Is 5240856 a multiple of 4?
True
Is 280048 a multiple of 46?
True
Does 62 divide 37386?
True
Is 10 a factor of 3091795?
False
Is 274 a factor of 34059?
False
Does 168 divide 122472?
True
Is 379 a factor of 480193?
True
Is 11 a factor of 84357?
False
Does 21 divide 8837111?
False
Is 201 a factor of 103314?
True
Is 6 a factor of 36314?
False
Is 3435536 a multiple of 41?
False
Is 91948 a multiple of 3?
False
Is 359480 a multiple of 7?
False
Does 33 divide 272534?
False
Is 50847 a multiple of 2?
False
Does 48 divide 58542?
False
Does 23 divide 2428261?
False
Is 3 a factor of 2344332?
True
Is 25029 a multiple of 27?
True
Is 643172 a multiple of 11?
False
Is 2 a factor of 12924?
True
Is 11 a factor of 1132736?
True
Is 40 a factor of 1348240?
True
Does 122 divide 62098?
True
Is 253 a factor of 237820?
True
Is 77 a factor of 94556?
True
Does 273 divide 343150?
False
Is 61 a factor of 2473917?
False
Is 235104 a multiple of 248?
True
Is 58 a factor of 156256?
False
Is 168920 a multiple of 12?
False
Is 915 a factor of 2158485?
True
Is 10009 even?
False
Is 11874 a multiple of 47?
False
Is 14550 a multiple of 17?
False
Does 16 divide 5065328?
True
Is 1235440 a multiple of 15?
False
Does 78 divide 5940875?
False
Is 13 a factor of 6078?
False
Does 205 divide 946667?
False
Is 1022970 a multiple of 39?
True
Does 5 divide 4029807?
False
Does 49 divide 15239392?
True
Does 595 divide 762128?
False
Is 2042834 a multiple of 581?
False
Is 13 a factor of 2673723?
True
Does 110 divide 344300?
True
Is 10903931 a multiple of 49?
False
Is 136 a factor of 2612286?
False
Is 26 a factor of 4599900?
False
Is 4 a factor of 1875490?
False
Does 24 divide 2548488?
True
Is 9 a factor of 8685?
True
Does 57 divide 1876096?
False
Is 25475 a multiple of 24?
False
Is 244996 a multiple of 23?
True
Is 56 a factor of 137478?
False
Is 52 a factor of 2081404?
True
Does 89 divide 831765?
False
Does 16 divide 64442?
False
Is 8 a factor of 155144?
True
Is 4421137 a multiple of 12?
False
Is 57 a factor of 17841?
True
Is 174551 a multiple of 13?
True
Is 809278 a multiple of 241?
True
Is 3791160 a multiple of 20?
True
Is 6 a factor of 31800?
True
Is 330611 a multiple of 74?
False
Is 3 a factor of 3075108?
True
Is 577140 a multiple of 24?
False
Does 15 divide 24987706?
False
Is 1755527 a multiple of 52?
False
Is 20517 a multiple of 33?
False
Is 694600 a multiple of 8?
True
Does 234 divide 133146?
True
Is 104 a factor of 624820?
False
Is 86850 a multiple of 450?
True
Does 244 divide 2220169?
False
Does 51 divide 933034?
False
Is 184543 a multiple of 13?
False
Is 45103 a multiple of 44?
False
Does 8 divide 809065?
False
Does 573 divide 497937?
True
Does 7 divide 31810?
False
Is 5168382 a multiple of 62?
True
Is 46 a factor of 1410084?
True
Is 379 a factor of 14402?
True
Does 16 divide 373065?
False
Is 461266 a multiple of 1044?
False
Is 6382581 a multiple of 8?
False
Is 5173061 a multiple of 11?
False
Is 456563 a multiple of 163?
True
Is 30 a factor of 8490?
True
Is 276 a factor of 212763?
False
Is 585956 a multiple of 14?
True
Does 10 divide 40440?
True
Does 43 divide 51944?
True
Is 12238 a multiple of 190?
False
Does 276 divide 180175?
False
Is 26 a fac